git of 40807?
8
What is the ten thousands digit of 51613?
5
What is the tens digit of 7948?
4
What is the hundreds digit of 2433?
4
What is the hundreds digit of 7619?
6
What is the hundreds digit of 8366?
3
What is the thousands digit of 1403?
1
What is the thousands digit of 2363?
2
What is the tens digit of 27790?
9
What is the tens digit of 698?
9
What is the ten thousands digit of 45617?
4
What is the tens digit of 828?
2
What is the hundreds digit of 4142?
1
What is the hundreds digit of 10690?
6
What is the hundreds digit of 30276?
2
What is the tens digit of 5153?
5
What is the thousands digit of 1384?
1
What is the ten thousands digit of 13710?
1
What is the hundreds digit of 7935?
9
What is the units digit of 5757?
7
What is the hundreds digit of 1083?
0
What is the thousands digit of 1717?
1
What is the units digit of 3346?
6
What is the units digit of 8085?
5
What is the units digit of 99499?
9
What is the units digit of 3219?
9
What is the thousands digit of 128108?
8
What is the units digit of 1023?
3
What is the thousands digit of 9941?
9
What is the units digit of 343?
3
What is the tens digit of 1495?
9
What is the units digit of 12347?
7
What is the units digit of 21086?
6
What is the hundreds digit of 1923?
9
What is the units digit of 2076?
6
What is the units digit of 4132?
2
What is the hundreds digit of 1285?
2
What is the hundreds digit of 5275?
2
What is the tens digit of 603?
0
What is the tens digit of 4327?
2
What is the tens digit of 10942?
4
What is the tens digit of 1037?
3
What is the hundreds digit of 1445?
4
What is the ten thousands digit of 12069?
1
What is the thousands digit of 4674?
4
What is the thousands digit of 38046?
8
What is the thousands digit of 4209?
4
What is the units digit of 10185?
5
What is the hundreds digit of 2524?
5
What is the ten thousands digit of 66344?
6
What is the units digit of 10385?
5
What is the ten thousands digit of 77147?
7
What is the tens digit of 24974?
7
What is the hundreds digit of 892?
8
What is the hundreds digit of 489?
4
What is the units digit of 8563?
3
What is the units digit of 562?
2
What is the tens digit of 31823?
2
What is the hundreds digit of 32564?
5
What is the hundreds digit of 3849?
8
What is the units digit of 56512?
2
What is the hundreds digit of 962?
9
What is the tens digit of 4449?
4
What is the tens digit of 570?
7
What is the hundreds digit of 1205?
2
What is the tens digit of 8221?
2
What is the tens digit of 32771?
7
What is the thousands digit of 57519?
7
What is the tens digit of 1525?
2
What is the tens digit of 7226?
2
What is the tens digit of 1448?
4
What is the hundreds digit of 35799?
7
What is the units digit of 1089?
9
What is the hundreds digit of 115?
1
What is the units digit of 13214?
4
What is the thousands digit of 10279?
0
What is the ten thousands digit of 141030?
4
What is the hundreds digit of 938?
9
What is the hundreds digit of 1781?
7
What is the thousands digit of 8140?
8
What is the tens digit of 14132?
3
What is the units digit of 1590?
0
What is the hundred thousands digit of 115124?
1
What is the hundreds digit of 688?
6
What is the tens digit of 9812?
1
What is the tens digit of 1782?
8
What is the hundreds digit of 74430?
4
What is the tens digit of 424?
2
What is the units digit of 2061?
1
What is the tens digit of 22841?
4
What is the ten thousands digit of 59395?
5
What is the hundreds digit of 2663?
6
What is the tens digit of 95755?
5
What is the thousands digit of 50021?
0
What is the thousands digit of 92450?
2
What is the hundreds digit of 2373?
3
What is the hundreds digit of 3341?
3
What is the hundreds digit of 18286?
2
What is the tens digit of 1945?
4
What is the tens digit of 8103?
0
What is the tens digit of 2245?
4
What is the thousands digit of 2484?
2
What is the units digit of 636?
6
What is the hundred thousands digit of 159845?
1
What is the units digit of 820?
0
What is the thousands digit of 7942?
7
What is the units digit of 40131?
1
What is the units digit of 884?
4
What is the tens digit of 25711?
1
What is the units digit of 611?
1
What is the tens digit of 1134?
3
What is the ten thousands digit of 11185?
1
What is the tens digit of 5174?
7
What is the thousands digit of 39438?
9
What is the ten thousands digit of 117013?
1
What is the hundreds digit of 2151?
1
What is the units digit of 7557?
7
What is the hundreds digit of 42420?
4
What is the units digit of 3454?
4
What is the tens digit of 2036?
3
What is the thousands digit of 1721?
1
What is the hundreds digit of 168?
1
What is the units digit of 560?
0
What is the ten thousands digit of 121502?
2
What is the ten thousands digit of 15459?
1
What is the thousands digit of 2006?
2
What is the tens digit of 1173?
7
What is the units digit of 9273?
3
What is the tens digit of 35398?
9
What is the tens digit of 53110?
1
What is the hundreds digit of 3890?
8
What is the units digit of 23540?
0
What is the thousands digit of 3290?
3
What is the units digit of 4414?
4
What is the thousands digit of 54506?
4
What is the units digit of 41639?
9
What is the hundreds digit of 454?
4
What is the ten thousands digit of 14873?
1
What is the units digit of 20407?
7
What is the tens digit of 1744?
4
What is the hundreds digit of 3795?
7
What is the hundreds digit of 1280?
2
What is the thousands digit of 9397?
9
What is the thousands digit of 2808?
2
What is the thousands digit of 1461?
1
What is the hundreds digit of 3554?
5
What is the ten thousands digit of 21556?
2
What is the hundreds digit of 5805?
8
What is the units digit of 4251?
1
What is the units digit of 4232?
2
What is the tens digit of 2296?
9
What is the units digit of 72948?
8
What is the hundreds digit of 898?
8
What is the units digit of 13811?
1
What is the units digit of 70867?
7
What is the hundreds digit of 176?
1
What is the tens digit of 31416?
1
What is the ten thousands digit of 65147?
6
What is the hundreds digit of 329?
3
What is the tens digit of 42575?
7
What is the thousands digit of 8034?
8
What is the units digit of 796?
6
What is the tens digit of 1375?
7
What is the tens digit of 1083?
8
What is the tens digit of 1771?
7
What is the hundreds digit of 38047?
0
What is the hundreds digit of 190?
1
What is the hundreds digit of 1388?
3
What is the ten thousands digit of 34734?
3
What is the ten thousands digit of 152985?
5
What is the hundreds digit of 3109?
1
What is the units digit of 172?
2
What is the thousands digit of 1564?
1
What is the hundreds digit of 3147?
1
What is the tens digit of 8456?
5
What is the hundreds digit of 110637?
6
What is the units digit of 952?
2
What is the thousands digit of 1423?
1
What is the thousands digit of 6885?
6
What is the units digit of 898?
8
What is the thousands digit of 30228?
0
What is the tens digit of 422?
2
What is the units digit of 618?
8
What is the units digit of 1113?
3
What is the hundreds digit of 15645?
6
What is the thousands digit of 8012?
8
What is the units digit of 10346?
6
What is the tens digit of 10473?
7
What is the units digit of 16687?
7
What is the units digit of 7005?
5
What is the units digit of 58304?
4
What is the units digit of 51690?
0
What is the units digit of 1611?
1
What is the thousands digit of 15167?
5
What is the ten thousands digit of 99288?
9
What is the hundreds digit of 1281?
2
What is the tens digit of 59789?
8
What is the tens digit of 61856?
5
What is the tens digit of 12664?
6
What is the ten thousands digit of 34667?
3
What is the tens digit of 2109?
0
What is the thousands digit of 71650?
1
What is the thousands digit of 1595?
1
What is the tens digit of 21468?
6
What is the hundreds digit of 1530?
5
What is the tens digit of 728?
2
What is the ten thousands digit of 14281?
1
What is the tens digit of 121199?
9
What is the hundreds digit of 3520?
5
What is the units digit of 770?
0
What is the tens digit of 5292?
9
What is the units digit of 96757?
7
What is the tens digit of 34608?
0
What is the ten thousands digit of 12429?
1
What is the tens digit of 4421?
2
What is the tens digit of 608?
0
What is the tens digit of 56943?
4
What is the ten thousands digit of 38935?
3
What is the tens digit of 31988?
8
What is the tens digit of 5000?
0
What is the hundreds digi